 number?
False
Is 60762379 a prime number?
True
Is 3926581 a prime number?
False
Is 9132686 a prime number?
False
Is 62369239 a prime number?
True
Is 496381 a prime number?
True
Is 261432931 composite?
True
Is 8436679 composite?
False
Is 256545769 a composite number?
False
Is 370305589 prime?
False
Is 106481015 prime?
False
Is 24254707 a prime number?
True
Is 1445433073 a composite number?
True
Is 336736109 a prime number?
True
Is 38580797 a composite number?
False
Is 530419 prime?
False
Is 41443463 a composite number?
False
Is 21791477 a composite number?
False
Is 2089157 a composite number?
True
Is 17696069 prime?
True
Is 1595413 prime?
False
Is 17107529 prime?
False
Is 74851201 prime?
False
Is 9892789 a composite number?
False
Is 3466707 prime?
False
Is 4354067 a composite number?
False
Is 108320299 a composite number?
True
Is 78595007 composite?
False
Is 60645571 prime?
False
Is 1177237 a prime number?
True
Is 11971483 prime?
False
Is 133805299 composite?
False
Is 77732461 composite?
True
Is 693541 composite?
True
Is 1481147 a composite number?
True
Is 289310143 composite?
False
Is 851087 a prime number?
True
Is 4458101 prime?
True
Is 30903947 a prime number?
True
Is 33358921 a prime number?
False
Is 904593 prime?
False
Is 4999823 prime?
True
Is 6823221 a composite number?
True
Is 5838983 composite?
True
Is 42023705 a composite number?
True
Is 16630651 prime?
True
Is 216129629 prime?
True
Is 2741911 a composite number?
True
Is 3041371 a composite number?
False
Is 21285977 a prime number?
True
Is 163240109 prime?
False
Is 8609281 a prime number?
True
Is 107684527 prime?
True
Is 1103527 a prime number?
False
Is 282253 a prime number?
True
Is 81234667 prime?
True
Is 6974887 prime?
True
Is 79340711 a composite number?
False
Is 3107501 composite?
True
Is 313722187 a prime number?
True
Is 839929 a prime number?
False
Is 3279889 a composite number?
True
Is 20501587 a prime number?
True
Is 7778609 a composite number?
True
Is 19438513 a composite number?
True
Is 23703733 a composite number?
True
Is 1662247 a composite number?
True
Is 7555601 prime?
True
Is 613061 a prime number?
True
Is 187743 prime?
False
Is 2660549 a composite number?
True
Is 126023977 composite?
False
Is 7748359 a composite number?
False
Is 1130527 a prime number?
True
Is 21239723 a composite number?
True
Is 697043 a prime number?
False
Is 2727223 a prime number?
True
Is 12447877 prime?
False
Is 18136983 a composite number?
True
Is 33890459 a prime number?
False
Is 115707259 composite?
True
Is 46584793 prime?
True
Is 73236841 prime?
True
Is 77949893 composite?
True
Is 4564319 prime?
True
Is 392415883 prime?
True
Is 20202454 a prime number?
False
Is 17814127 prime?
True
Is 125308679 prime?
True
Is 7642343 composite?
False
Is 1375499 a prime number?
False
Is 96253013 composite?
True
Is 28124771 composite?
False
Is 1549099 a prime number?
True
Is 930053 prime?
False
Is 104017883 a prime number?
False
Is 2995243 a prime number?
False
Is 43269047 composite?
False
Is 1985759 prime?
True
Is 34080581 a composite number?
False
Is 1518427 a composite number?
False
Is 13046017 composite?
True
Is 19467773 composite?
True
Is 14114227 prime?
True
Is 123731821 prime?
True
Is 415378673 composite?
True
Is 65964779 a prime number?
True
Is 41682027 prime?
False
Is 60538151 a prime number?
True
Is 71650907 a prime number?
False
Is 745471 composite?
False
Is 5254537 prime?
True
Is 105029 a prime number?
False
Is 468980573 composite?
True
Is 86907131 prime?
True
Is 272807 composite?
False
Is 5950943 a prime number?
True
Is 115607203 composite?
True
Is 7749869 composite?
False
Is 108959777 a composite number?
True
Is 16071797 prime?
False
Is 4244419 prime?
False
Is 226641319 prime?
True
Is 1159901515 a prime number?
False
Is 123561421 prime?
True
Is 5085757 composite?
True
Is 3614839 prime?
True
Is 109005931 a composite number?
True
Is 259605433 prime?
False
Is 42308333 composite?
True
Is 13856987 a prime number?
True
Is 1209163 composite?
False
Is 215338523 composite?
True
Is 5468511 composite?
True
Is 15061611 prime?
False
Is 1344227 a prime number?
True
Is 378550334 composite?
True
Is 35617 a composite number?
False
Is 20816021 a composite number?
False
Is 77140841 composite?
True
Is 154632301 a composite number?
True
Is 16067417 a composite number?
True
Is 10577783 a prime number?
True
Is 259691219 a composite number?
True
Is 21725933 a composite number?
False
Is 27020263 composite?
False
Is 197613329 a composite number?
True
Is 17187067 composite?
False
Is 1798798349 prime?
True
Is 9600251 prime?
True
Is 47546953 a composite number?
False
Is 5242219 a prime number?
False
Is 4276493 a composite number?
True
Is 7333033 a prime number?
True
Is 45596227 a composite number?
True
Is 16075711 a prime number?
True
Is 837139 a prime number?
True
Is 349241 prime?
True
Is 1349819 composite?
True
Is 33634537 a prime number?
True
Is 9080935 a prime number?
False
Is 22058591 prime?
True
Is 12165767 composite?
True
Is 341468207 a prime number?
False
Is 607673 a prime number?
False
Is 172596311 a composite number?
True
Is 18873799 a composite number?
True
Is 4647099 prime?
False
Is 13436563 a composite number?
True
Is 6534823 a composite number?
False
Is 26678609 composite?
False
Is 18702599 a composite number?
True
Is 159003239 prime?
True
Is 1101701 a composite number?
True
Is 189971387 composite?
False
Is 9900251 a composite number?
False
Is 17523019 composite?
True
Is 72763763 prime?
False
Is 12288613 a prime number?
False
Is 4927387 composite?
False
Is 28103627 a prime number?
True
Is 1910777 a composite number?
True
Is 237341 composite?
True
Is 1836239 composite?
False
Is 631924099 a prime number?
True
Is 4254449 composite?
False
Is 13089607 a composite number?
False
Is 55796603 composite?
False
Is 22431979 a prime number?
False
Is 158823593 a prime number?
True
Is 49777933 a prime number?
False
Is 4107169 composite?
True
Is 28908265 a composite number?
True
Is 41685043 prime?
True
Is 5878489 a prime number?
True
Is 30005203 a composite number?
True
Is 181591681 prime?
True
Is 151696001 composite?
False
Is 524606327 composite?
True
Is 5033551 prime?
False
Is 217462969 composite?
False
Is 132256067 composite?
False
Is 5792981 a composite number?
False
Is 13694137 a composite number?
True
Is 914777 composite?
False
Is 512249 prime?
True
Is 342761 prime?
True
Is 378615439 composite?
False
Is 3654437 composite?
False
Is 663907435 composite?
True
Is 16364827 prime?
True
Is 425558989 composite?
True
Is 14429143 a prime number?
True
Is 31237 prime?
True
Is 37992013 composite?
False
Is 12834737 prime?
True
Is 27637693 prime?
True
Is 7206019 composite?
False
Is 7484089 a prime number?
True
Is 47060729 a prime number?
True
Is 16534793 a prime number?
False
Is 93477517 a prime number?
False
Is 49520719 prime?
False
Is 56657197 a composite number?
True
Is 114137 composite?
True
Is 7199497 prime?
False
Is 1060937 a composite number?
False
Is 6668173 a prime number?
False
Is 356745481 composite?
False
Is 125024909 prime?
False
Is 27967505 a prime number?
False
Is 48624413 composite?
False
Is 98426469 a composite number?
True
Is 7733647 prime?
True
Is 6724283 composite?
False
Is 8382623 a prime number?
True
Is 74047 a composite number?
False
Is 242696093 a prime number?
True
Is 29469311 composite?
True
Is 37360829 a prime number?
False
Is 512047 a prime number?
True
Is 1534087 a composite number?
True
Is 15440773 a composite number?
False
Is 7732453 composite?
True
Is 78043 prime?
False
Is 5748803 prime?
True
Is 35130038 prime?
False
Is 57398281 composite?
False
Is 1052741 composite?
True
Is 4716913 a prime number?
True
Is 33711611 a prime number?
True
Is 162230045 composite?
True
Is 11058337 prime?
True
Is 22759931 a prime number?
True
Is 144219731 prime?
False
Is 9542077 a composite number?
True
Is 3708833 composite?
True
Is 32184127 prime?
True
Is 131172227 a composite number?
True
Is 24008783 a prime number?
True
Is 71401997 a composite number?
False
Is 283670249 composite?
True
Is 3723913 prime?
True
Is 3820405 composite?
True
Is 52616123 composite?
True
Is 1628893 prime?
False
Is 31210709 composite?
False
Is 45946969 a composite number?
True
Is 5222573 composite?
False
Is 2106205 composite?
True
Is 592856749 a